278
Let b(f) = -3*f**2 - 47*f + 134. Determine b(-18).
8
Let q(o) = -18*o + 416. Give q(0).
416
Let j(k) = -k**3 + 26*k**2 - 103*k + 3496. Determine j(27).
-14
Let z(i) = -28*i - 1188. Determine z(-43).
16
Let v(o) = o**3 - o + 1. What is v(1)?
1
Let m(a) = -93*a - 302. Calculate m(-5).
163
Let b(g) = -g**2 + 87*g - 1260. Determine b(19).
32
Let m(p) = 843*p - 254. Give m(1).
589
Let p(c) = c**3 + 12*c**2 + 13*c + 23. What is p(-8)?
175
Let j(t) = -91*t + 363. Give j(4).
-1
Let t(x) = x**3 - 49*x**2 + 8*x - 401. Calculate t(49).
-9
Let b(a) = 25*a + 38. Determine b(1).
63
Let r(c) = 75*c**3 - 16*c - 15. Calculate r(-1).
-74
Let d(c) = -8*c**2 + 961*c - 961. Determine d(119).
110
Let u(r) = -5*r**2 - 120*r - 614. Determine u(-18).
-74
Let p(f) = -f**3 + 10*f**2 - 8*f - 34. Determine p(9).
-25
Let o(v) = 46*v + 80. Calculate o(-2).
-12
Let o(m) = m**3 + 186*m**2 - 2799*m - 8. Give o(14).
6
Let m(k) = k**2 - 164*k + 3710. Determine m(137).
11
Let y(q) = -q**2 - 76*q - 1558. Calculate y(-42).
-130
Let w(j) = -293*j - 298. Calculate w(-1).
-5
Let f(u) = -51*u - 1472. Give f(-29).
7
Let l(g) = g**3 + 54*g**2 - 288*g + 422. Calculate l(-59).
9
Let y(j) = 212*j - 2952. What is y(14)?
16
Let u(d) = -d**2 - 36*d + 798. Give u(-52).
-34
Let k(y) = -442*y - 2218. Calculate k(-5).
-8
Let w(i) = -3*i**3 + 159*i**2 - 6*i + 318. Determine w(53).
0
Let g(q) = q**3 + 7*q**2 - 2*q - 1. Calculate g(-4).
55
Let r(k) = 653*k + 6536. What is r(-10)?
6
Let c(g) = -2297*g - 144712. Give c(-63).
-1
Let z(q) = 2*q**3 - 9*q**2 + 15*q - 28. What is z(4)?
16
Let y(l) = 77*l - 7933. Give y(103).
-2
Let t(l) = -89*l - 262. Calculate t(-3).
5
Let f(w) = 13*w**3 - 701*w**2 - 54*w + 41. Give f(54).
41
Let j(x) = -x**2 - 16*x - 47. Calculate j(-6).
13
Let n(a) = -a**3 - 24*a**2 + 57*a + 134. Calculate n(-26).
4
Let f(c) = -73*c + 1568. Give f(17).
327
Let c(i) = 513*i + 4621. Determine c(-9).
4
Let c(s) = -s**2 - 53*s + 2721. Determine c(-84).
117
Let j(p) = p**2 - 37*p + 167. Determine j(31).
-19
Let f(k) = -13*k**2 + 349*k + 52. Give f(26).
338
Let y(g) = 36*g**2 - 31*g + 5. Give y(2).
87
Let t(y) = -y**2 + 37*y - 261. Give t(28).
-9
Let m(z) = z**2 + 13*z - 439. What is m(28)?
709
Let i(h) = 313*h - 635. Determine i(2).
-9
Let p(f) = -f**2 + 67*f - 372. What is p(6)?
-6
Let w(s) = s**3 + 16*s**2 - 7*s - 115. Calculate w(-16).
-3
Let y(j) = -139*j - 1753. Calculate y(-13).
54
Let d(w) = 2*w**2 + 84*w + 243. Determine d(-38).
-61
Let h(q) = q**3 - 6*q**2 + 3*q - 81. What is h(7)?
-11
Let y(f) = 53*f - 547. Give y(10).
-17
Let c(f) = -169*f**2 + 1856*f + 35. Give c(11).
2
Let u(m) = 3*m + 171. Determine u(-49).
24
Let c(q) = -2*q**3 - 76*q**2 + 3*q + 41. Calculate c(-38).
-73
Let s(g) = 4*g**2 - 148*g + 292. Give s(2).
12
Let u(l) = 4*l**2 + 46*l - 180. Give u(3).
-6
Let h(x) = 49*x + 210. Give h(12).
798
Let u(l) = -l**3 - 8*l**2 + 325*l + 1014. Calculate u(-3).
-6
Let v(c) = 14*c**2 - 13*c + 4. Determine v(1).
5
Let j(k) = -43*k**2 - 9*k - 18. Give j(-2).
-172
Let a(u) = -3*u**3 - 76*u**2 - 9*u + 409. Calculate a(-25).
9
Let a(j) = -j**3 + 5*j**2 + 46*j - 217. What is a(7)?
7
Let o(q) = -2*q**2 + 19*q + 98. Give o(13).
7
Let f(o) = -o**3 - 203*o**2 + 208*o + 816. Give f(-204).
0
Let t(r) = 98*r**2 - 290*r. What is t(3)?
12
Let a(r) = r**2 + 637*r + 17630. What is a(-29)?
-2
Let q(u) = -12*u**2 + 70*u - 223. What is q(3)?
-121
Let r(g) = 2*g**2 + 41*g + 462. What is r(-21)?
483
Let z(p) = 157*p + 4712. What is z(-30)?
2
Let v(l) = -289*l + 298. Determine v(3).
-569
Let w(k) = -9*k**2 - 14*k - 12. Give w(5).
-307
Let n(o) = 429*o - 578. Calculate n(3).
709
Let z(w) = w**3 - 70*w**2 + 129*w + 583. Calculate z(68).
107
Let c(z) = z**3 + 57*z**2 - 4*z - 262. Determine c(-57).
-34
Let g(n) = -3*n**2 + 12*n - 3. Give g(5).
-18
Let p(i) = 7*i**3 + 51*i**2 + 72*i + 3. Determine p(-2).
7
Let k(w) = 419*w + 2550. Calculate k(-6).
36
Let h(l) = 55*l**2 - 55*l + 115. What is h(2)?
225
Let i(n) = n**3 + 108*n**2 - 807*n - 55. What is i(-115)?
175
Let t(g) = -g**3 - 21*g**2 + 49*g + 44. Calculate t(-23).
-25
Let h(i) = -7*i**2 - 124*i - 495. Determine h(-6).
-3
Let s(q) = q**2 - 18*q + 6. Calculate s(14).
-50
Let u(z) = 219*z - 1002. What is u(5)?
93
Let j(c) = c**3 + 58*c**2 + 114*c - 30. Give j(-56).
-142
Let k(i) = -120*i**2 - 3*i + 3. Determine k(1).
-120
Let t(c) = -4*c**2 - 18*c + 142. Determine t(9).
-344
Let a(x) = x**3 + 2*x**2 + 3*x - 15. Determine a(-3).
-33
Let f(j) = -35*j**2 + 18*j + 2. What is f(-2)?
-174
Let p(f) = -56*f - 1826. What is p(-27)?
-314
Let j(r) = 6*r**2 - 23*r - 30. What is j(0)?
-30
Let s(c) = -17*c - 523. Calculate s(31).
-1050
Let a(g) = 2*g + 33. Give a(-8).
17
Let t(u) = u**3 + 32*u**2 + 77. What is t(-32)?
77
Let f(i) = 502*i + 125008. Calculate f(-249).
10
Let t(y) = 19*y - 1154. Determine t(60).
-14
Let f(o) = o**2 - 13*o - 66. Calculate f(17).
2
Let f(c) = -8*c + 33. Determine f(8).
-31
Let g(l) = 14*l**2 + 81*l - 7. Give g(-6).
11
Let v(y) = -y**3 + 30*y**2 + 44*y + 3122. Give v(34).
-6
Let u(l) = l**3 - 45*l**2 - 87*l - 105. Give u(47).
224
Let v(k) = -69179*k - 415077. What is v(-6)?
-3
Let r(t) = 2044*t - 2046. Calculate r(1).
-2
Let i(p) = 38*p**2 + 17*p + 19. What is i(-3)?
310
Let u(f) = -13*f - 569. Give u(-32).
-153
Let a(d) = 81*d - 1320. Give a(16).
-24
Let i(l) = -2*l**3 - 27*l**2 - 77*l + 42. Give i(-9).
6
Let p(z) = -249*z + 2264. Give p(9).
23
Let g(b) = -b**3 - 52*b**2 + 204*b - 1133. Give g(-56).
-13
Let x(i) = -5*i**2 - 189*i - 313. What is x(-36)?
11
Let t(g) = -24*g - 888. Calculate t(-39).
48
Let w(v) = -11*v - 163. Determine w(4).
-207
Let t(d) = -4*d**3 + 375*d**2 + 477*d - 191. Determine t(95).
-1
Let i(y) = 3*y**3 - 23*y**2 + 11*y - 19. Calculate i(7).
-40
Let c(f) = -2*f**3 + 13*f**2 + 16*f + 87. Calculate c(8).
23
Let o(r) = 124*r + 5799. Calculate o(-47).
-29
Let k(u) = u**3 + 52*u**2 - 108*u - 13. Give k(-54).
-13
Let k(y) = -y**2 - 208*y - 6459. Determine k(-38).
1
Let f(z) = -1115*z - 8922. Give f(-8).
-2
Let v(c) = 119*c**3 - 3*c**2 + 2*c + 1. Determine v(1).
119
Let r(t) = -29*t**2 + t - 5. Determine r(-1).
-35
Let y(a) = a**3 + 5*a**2 - 7*a + 6. What is y(-6)?
12
Let i(s) = -s**3 + 58*s**2 - 51*s - 301. Calculate i(57).
41
Let f(a) = -4*a**2 - 159*a - 336. Give f(-40).
-376
Let b(o) = o**3 - 24*o**2 + 4*o - 111. Calculate b(24).
-15
Let z(t) = t**3 + 151*t**2 + 2156*t - 60. Give z(-16).
4
Let i(z) = -3*z + 65. Determine i(0).
65
Let c(i) = -35*i**2 + 15*i + 21. Determine c(-2).
-149
Let p(c) = -10*c + 114. Determine p(-14).
254
Let i(x) = -x**2 - 32*x - 32. Give i(-26).
124
Let c(l) = -2*l**3 - 8*l**2 + 7*l - 23. Give c(-5).
-8
Let x(s) = 2*s**3 - 7*s**2 + 6*s - 14. Give x(3).
-5
Let l(c) = 13*c**2 - 689*c - 29. What is l(53)?
-29
Let f(d) = 376*d + 6433. Calculate f(-17).
41
Let l(j) = -5*j**2 - 53*j + 340. Give l(6).
-158
Let p(u) = 101*u - 16. Give p(1).
85
Let w(u) = 373*u - 2984. Determine w(8).
0
Let p(i) = 2*i**3 - 38*i + 12. Give p(4).
-12
Let d(q) = 29*q + 1944. What is d(-63)?
117
Let r(h) = 2*h**3 + 12*h**2 + 13*h - 1. Determine r(-5).
-16
Let u(r) = r**3 + 39*r**2 - 216*r + 143. Determine u(-44).
-33
Let d(r) = r**2 - 306*r + 2124. What is d(7)?
31
Let k(w) = -2*w**3 + 75*w**2 + 28*w + 378. What is k(38)?
-2
Let c(m) = m**3 - 15*m**2 - 3*m + 45. Calculate c(15).
0
Let q(w) = -w**2 + 58*w + 1462. Give q(-27).
-833
Let l(q) = q**3 + 10*q**2 - 98*q + 10. Calculate l(6).
-2
Let z(l) = 5*l**2 + 394*l - 74. Calculate z(-79).
5
Let u(b) = 44805*b - 134417. Determine u(3).
-2
Let m(v) = v**2 + 148*v + 3168. Determine m(-26).
-4
Let b(z) = z**3 - 5*z**2 + 404*z - 2903. Give b(7).
23
Let x(s) = 13*s + 383. Calculate x(-30).
-7
Let o(q) = 2*q**3 + 10*q**2 - 89*q - 444. Give o(-5).
1
Let f(b) = -77*b - 44. Calculate f(-4).
264
Let f(t) = -776*t + 6197. Give f(8).
-11
Let a(t) = 41436*t - 82872. Determine a(2).
0
Let i(f) = 5*f**2 - 12*f - 25. Give i(-4).
103
Let h(z) = 117*z + 237. Calculate h(-4).
-231
Let n(b) = b**2 + 1362*b + 20204. Calculate n(-15).
-1
Let c(f) = -f - 64. Determine c(-3).
-61
Let z(a) = a**3 - 2*a**2 - 18*a + 20. Calculate z(6).
56
Let s(y) = -15*y**2 - 74*y + 46. Calculate s(-6).
-50
Let p(q) = -19*q**2 - 11*q - 33. What is p(-6)?
-651
Let u(p) = 33*p - 93. What is u(-2)?
-159
Let q(x) = -76*